 s(j) = -j**3 + j**2 + 2*j - 9. Is s(x) composite?
False
Suppose -4*d = -6*n + 3*n + 1318, 2178 = 5*n - 2*d. Suppose -n - 9 = -q. Is q composite?
False
Let n(a) be the second derivative of 5*a**4/6 + 11*a**3/6 - a**2 + 3*a. Is n(9) prime?
True
Suppose -636069 = -18*z - 3*z. Is z composite?
True
Suppose k + 3*k = 0. Suppose 3*x - 1 - 2 = k. Is 0 + x - (-468)/9 a composite number?
False
Let p(k) = k**2 + 15*k + 12. Let c be p(-14). Let z be (c - -203)/(1 + 0). Suppose -4*q + 158 = 2*r, 4*r - q - 106 = z. Is r prime?
False
Let c(g) be the second derivative of 33*g**3/2 - g**2 + 2*g. Suppose 7 = -6*s + 25. Is c(s) composite?
True
Let o(j) = 103*j**3 + 2*j**2 + 5*j + 1. Is o(3) a composite number?
True
Let j = -9 + 12. Suppose 0*s + 63 = j*s. Is (14/s)/((-2)/(-255)) a prime number?
False
Let n = -2267 + 3924. Is n prime?
True
Suppose 5*t - 30 = c, -2*c - t - 2*t = 8. Let q = c + 41. Is q composite?
False
Let k be -1 - 1/(3/(-39) - 0). Is 1/4 + (-7027)/k*-3 a prime number?
False
Suppose s - 4*s = 5*v - 72, 0 = s + 5*v - 24. Let h be ((-981)/(-12))/(9/s). Suppose -7*r + 15 = -2*r, -r = 5*d - h. Is d composite?
False
Suppose -2*k - d = -6*d - 29, -2*d - 8 = k. Suppose -t = k*z - 1720 - 30, -12 = 3*t. Is z a composite number?
False
Let b(q) = -q**3 - 10*q**2 + 10*q - 9. Let g be b(-11). Suppose -g*m + 2176 = -2*c - 282, -2*c - 4 = 0. Is 2*m/(-12)*-2 composite?
False
Let x(y) be the third derivative of 5*y**2 - 1/6*y**3 - 11/24*y**4 + 0 + 0*y. Is x(-1) a composite number?
True
Let h = -2749 + 4878. Is h prime?
True
Suppose 5*i - 61329 = -3*y, 2*y - 44821 = -5*i + 16505. Suppose 4*x + 4 = 0, 5*r = 3*x + i - 2066. Is r a composite number?
False
Let n(j) = -15562*j - 7. Is n(-3) a prime number?
True
Suppose 10*v - 162844 - 2106 = 0. Is v prime?
False
Let j = 24 - 22. Suppose -861 + 17 = -j*d. Is d prime?
False
Is 8454 + ((-7)/5 - (-16)/40) prime?
False
Let q = -2 - -6. Suppose 2*n + u + 9 + 8 = 0, -q*u + 12 = -2*n. Is 10/(-3*n/228) prime?
False
Suppose 514 = -i + 1611. Is i a prime number?
True
Let k = -82 - -631. Suppose 0 = 3*f - 4*a - k - 92, 0 = -2*f - 4*a + 414. Is f prime?
True
Suppose 5*c + 9 = 4*c. Suppose 2*z - 18 = 3*z. Is (c/z)/((-1)/(-118)) a prime number?
True
Suppose 0 = -5*p + 73 + 67. Suppose p + 44 = f. Let s = f + -17. Is s a prime number?
False
Suppose y - 10 = -5*p, 3 - 4 = 3*p + 2*y. Suppose 81 = p*u - 174. Is u a prime number?
False
Let u(m) be the first derivative of -33*m**4/4 - m**3/3 + m**2/2 + 2*m - 2. Is u(-1) a composite number?
True
Let r = 7662 + -2390. Suppose -4*n + r = i - 5*i, 2*n - 2633 = 5*i. Is n a prime number?
True
Suppose -2*s + 105 = -7*s. Let d be 1232/s + (-2)/(-3). Is ((-25)/(-10))/((-1)/d) prime?
False
Let b(d) = -1852*d + 51. Is b(-5) prime?
True
Suppose -2*d - 1678 + 16724 = -b, 7514 = d + 4*b. Is d a composite number?
True
Is 5/10 + (-47205)/(-2) composite?
False
Let m = -2540 - -3759. Is m a prime number?
False
Suppose -3*b + 318 = j - 2*b, -b + 1602 = 5*j. Is 2/(6/j) - -2 a prime number?
True
Suppose 4*i = 2*b + 12922, 4*b + b - 5 = 0. Suppose -r = 4*j - i, 0*j - 3226 = -4*j - 2*r. Is j composite?
False
Is (-114)/(-285) + ((-5053)/(-5) - 2) composite?
False
Let p be 1 + ((-3786)/9)/(10/(-165)). Suppose -7*k = -13*k + p. Is k prime?
False
Let s = 9335 - -384. Is s a composite number?
False
Suppose 57*u - 55*u = 24. Is u/(-8) - 3/(12/(-10018)) a prime number?
True
Let t(u) be the second derivative of u**5/20 + 2*u**4 + 5*u**3 - 8*u**2 - 2*u. Is t(-19) a composite number?
True
Let g be 2267/6 - 2/(-12). Let l = g - 80. Is l a composite number?
True
Suppose -10*b - 704 = -6*b. Let c be (-2)/(-5) + b/(-10). Suppose -3*k + 219 = 2*v, 5*v - 578 + c = 5*k. Is v prime?
False
Let a be -169 + ((-4)/1 - -4). Let x = a - -486. Is x prime?
True
Suppose 69 + 26 = -b. Let o = b - -140. Is 1129/3 - (-30)/o a prime number?
False
Let z(t) = -8*t**3 + 9*t**2 - 5*t - 77. Is z(-7) a prime number?
False
Let y(o) = o**2 + 28*o**3 + 5*o**3 - 87 + 82. Is y(2) a prime number?
True
Let l(x) = -x**3 - 4*x**2 - 2*x + 6. Let z be l(-3). Suppose 5*s - z*h - 1770 = 0, 1580 - 191 = 4*s + 3*h. Suppose 5*m = s + 904. Is m prime?
True
Suppose 0 = -3*f - 61*b + 59*b + 32320, -3*b = -2*f + 21551. Is f composite?
True
Let i = -6 - -7. Is 1/i + -17 + 867 composite?
True
Let x = -7840 - -18429. Is x composite?
False
Let y be (-1)/4 + (-1122)/(-8). Suppose -451 + 1816 = 5*j. Let g = j - y. Is g composite?
True
Let s be 7 - (-2 + 3) - 2. Let f be 56/12 + (4/3)/4. Suppose -x = f, -x + s*x - 1100 = -5*q. Is q a prime number?
True
Let i(o) = o**3 - o**2 + 6*o + 10. Let t be i(6). Let w = t - 99. Is w a composite number?
False
Suppose -4*c + 3564 = -6556. Suppose -10*x = -15*x + c. Let g = x + -293. Is g a prime number?
False
Suppose 0 = -5*o - 5 - 20. Let m be (o - -4)*(4 + -7). Suppose 46 - 360 = -x + 5*d, m*d = 3*x - 930. Is x a composite number?
True
Let a = 790 - 413. Suppose -12*h = -13*h + a. Is h a prime number?
False
Is (-1623)/(3 + -2)*(-148)/12 prime?
False
Let b = -63 + 81. Let t(c) = 144*c + 25. Is t(b) composite?
False
Let v = -74509 - -114774. Is v prime?
False
Let i = 39 - 19. Suppose -i = -5*t + t. Suppose 3*y - 2*f = 633, t*f + 620 = -4*y + 1464. Is y composite?
False
Let f = -22 - -28. Suppose f*l = 2*l + 720. Let d = l - 85. Is d prime?
False
Let b = 5 - 1. Let h = b + 68. Let c = h + -25. Is c a prime number?
True
Suppose -4107 = -5*p - 3*t, 3284 = 2*p + 2*p + 2*t. Suppose 0 = -6*h - p + 4629. Is h a prime number?
False
Let i be 9 + (-18)/(-14) + 4/(-14). Suppose -i*r = -4*r - 1602. Is r prime?
False
Suppose -2*l = -v - 2*v + 1066, 3*v - 1090 = -4*l. Suppose w = 3*w - v. Is w a prime number?
True
Let g(a) = 2*a**2 + 18*a - 21. Is g(24) a composite number?
True
Let q be (7 - 2)*(3 + 39/(-15)). Suppose 6*l - 7200 = 4*l + 2*d, -2*d = q*l - 7208. Is l composite?
True
Let l = -31852 - -48543. Is l prime?
True
Suppose -294734 = -3*o - 19*o. Is o a prime number?
True
Let r(c) = -3*c + 2*c - 2*c - 2*c + 3. Let d be r(-7). Suppose h = d + 29. Is h prime?
True
Suppose 3*y - 14580 = -3*m, 15 - 14 = -y. Is m composite?
False
Suppose -2*m = 5*w - 70411, 5*w + 5*m - 157 = 70263. Is w prime?
True
Let o be 902/(-1) - 2/(-2). Let r = o - -1868. Is r a prime number?
True
Let p be (-4)/(-10)*-5*1. Let f be (-10)/15*(-21)/p. Let j(r) = -13*r - 2. Is j(f) a prime number?
True
Is 4 - 28/4 - (-19640)/4 a prime number?
False
Let j(c) = 4*c**2 + 3*c + 23. Let g(k) = -30*k - 6. Let q be g(-1). Is j(q) a composite number?
False
Is ((-3)/5)/((-399)/6715835) a prime number?
True
Let p = -48 + 85. Let f = p - 8. Let h = 190 - f. Is h composite?
True
Let a = -131 + 29. Let r be -3 + (-24)/(-8) + 25/(-1). Let m = r - a. Is m a prime number?
False
Let j(q) = 31*q**2 - 30*q - 84. Is j(-19) a composite number?
False
Let s be (3576 - 6) + (4 + -2 - 2). Suppose 5*m - s = a - 6*a, 5*m - 3615 = 4*a. Is m composite?
False
Suppose -20*g + 11944 = -12*g. Suppose -526 = -3*h + g. Is h prime?
True
Is 3/(24/8) + 306 a prime number?
True
Let z(p) = 22*p**2 - 21*p + 16. Is z(-5) a prime number?
False
Suppose -11*o + 0*o = -22. Is 1/(-3)*(o + -479) prime?
False
Let v = -23 - -26. Let r be -5 + 2 - (v - 108). Is (0 - -1)*(r + 7) prime?
True
Is (5 - 1)/4*4049 prime?
True
Let r = 3082 - 309. Is r a composite number?
True
Let o = -11 + 15. Let b(s) = 32*s**2 - 6*s + 5. Let y be b(-5). Suppose 0 = -5*n + 10, o*n = -u + n + y. Is u prime?
True
Suppose 5*x + 0*w - 25 = 5*w, -2 = w. Suppose s = 2*r + 9, -x*r + s = -2*r + 5. Is 1/r*0 - -59 a prime number?
True
Suppose 0 = 16*x - 11*x. Suppose x = 3*l + 3*o + 604 - 2032, -5*l = 2*o - 2395. Is l a prime number?
False
Is ((-2531)/(-6))/((-20)/(-840)) a prime number?
False
Let j(b) = -15*b**3 - b**2 - 4*b + 1. Suppose n + 26 - 7 = 5*v, -15 = -5*v. Is j(n) prime?
False
Let x be (39/52)/(1/4). Suppose 0 = -y + x*y + 4*n - 18750, 5*n + 9368 = y. Is 4/(-5) + y/35 a composite number?
True
Let p(i) = -i + 1. Let x(b) = -48*b**3 + 2*b**2 - 7*b + 4. Let m(t) = -5*p(t) + x(t). Is m(-2) composite?
True
Let c be (2 - 0 - 158)*1. Let j = 239 + c. Is j prime?
True
Is (-166257)/(-45) - (-6)/15 prime?
False
Suppose -3*q - z = -2*z + 10247, -q + 3*z - 3405 = 0. Let c = q + 2160. Is c/(-6) + (-6)/(-4) a composite number?
False
Let t = 3309 + -463. Is t a